{"id":773,"date":"2024-01-29T00:19:52","date_gmt":"2024-01-29T00:19:52","guid":{"rendered":"https:\/\/kavapanama.com\/web\/?page_id=773"},"modified":"2024-03-18T13:28:48","modified_gmt":"2024-03-18T18:28:48","slug":"espacios","status":"publish","type":"page","link":"https:\/\/kavapanama.com\/web\/espacios\/","title":{"rendered":"ESPACIOS"},"content":{"rendered":"\t\t<div data-elementor-type=\"wp-page\" data-elementor-id=\"773\" class=\"elementor elementor-773\" data-elementor-post-type=\"page\">\n\t\t\t\t<div class=\"elementor-element elementor-element-105f941 e-flex e-con-boxed e-con e-parent\" data-id=\"105f941\" data-element_type=\"container\" data-settings=\"{&quot;background_background&quot;:&quot;classic&quot;}\">\n\t\t\t\t\t<div class=\"e-con-inner\">\n\t\t\t\t<div class=\"elementor-element elementor-element-dfc1b9f elementor-widget elementor-widget-spacer\" data-id=\"dfc1b9f\" data-element_type=\"widget\" data-widget_type=\"spacer.default\">\n\t\t\t\t<div class=\"elementor-widget-container\">\n\t\t\t\t\t<div class=\"elementor-spacer\">\n\t\t\t<div class=\"elementor-spacer-inner\"><\/div>\n\t\t<\/div>\n\t\t\t\t<\/div>\n\t\t\t\t<\/div>\n\t\t\t\t<div class=\"elementor-element elementor-element-fa9ec8d elementor-widget elementor-widget-image\" data-id=\"fa9ec8d\" data-element_type=\"widget\" data-widget_type=\"image.default\">\n\t\t\t\t<div class=\"elementor-widget-container\">\n\t\t\t\t\t\t\t\t\t\t\t\t\t<img decoding=\"async\" src=\"https:\/\/kavapanama.com\/web\/wp-content\/uploads\/elementor\/thumbs\/LOGO-KAVA-e1707244292550-qw0bp963z1qygprjujc217jnt2eg9j22zpwch905vi.png\" title=\"LOGO KAVA\" alt=\"\" loading=\"lazy\" \/>\t\t\t\t\t\t\t\t\t\t\t\t\t<\/div>\n\t\t\t\t<\/div>\n\t\t\t\t<div class=\"elementor-element elementor-element-e46d369 elementor-widget elementor-widget-heading\" data-id=\"e46d369\" data-element_type=\"widget\" data-widget_type=\"heading.default\">\n\t\t\t\t<div class=\"elementor-widget-container\">\n\t\t\t<h2 class=\"elementor-heading-title elementor-size-default\">Espacios<\/h2>\t\t<\/div>\n\t\t\t\t<\/div>\n\t\t\t\t<div class=\"elementor-element elementor-element-2e8f858 elementor-widget elementor-widget-spacer\" data-id=\"2e8f858\" data-element_type=\"widget\" data-widget_type=\"spacer.default\">\n\t\t\t\t<div class=\"elementor-widget-container\">\n\t\t\t\t\t<div class=\"elementor-spacer\">\n\t\t\t<div class=\"elementor-spacer-inner\"><\/div>\n\t\t<\/div>\n\t\t\t\t<\/div>\n\t\t\t\t<\/div>\n\t\t\t\t\t<\/div>\n\t\t\t\t<\/div>\n\t\t<div class=\"elementor-element elementor-element-329689d e-con-full e-flex e-con e-parent\" data-id=\"329689d\" data-element_type=\"container\" id=\"terpri\" data-settings=\"{&quot;background_background&quot;:&quot;classic&quot;}\">\n\t\t<div class=\"elementor-element elementor-element-300bcdc e-con-full e-flex e-con e-child\" data-id=\"300bcdc\" data-element_type=\"container\">\n\t\t\t\t<div class=\"elementor-element elementor-element-b457e15 elementor-widget elementor-widget-image\" data-id=\"b457e15\" data-element_type=\"widget\" data-widget_type=\"image.default\">\n\t\t\t\t<div class=\"elementor-widget-container\">\n\t\t\t\t\t\t\t\t\t\t\t\t\t<img fetchpriority=\"high\" decoding=\"async\" width=\"800\" height=\"534\" src=\"https:\/\/kavapanama.com\/web\/wp-content\/uploads\/2024\/02\/Kava-February-22-2023-1024x683.jpg\" class=\"attachment-large size-large wp-image-1439\" alt=\"\" srcset=\"https:\/\/kavapanama.com\/web\/wp-content\/uploads\/2024\/02\/Kava-February-22-2023-1024x683.jpg 1024w, https:\/\/kavapanama.com\/web\/wp-content\/uploads\/2024\/02\/Kava-February-22-2023-300x200.jpg 300w, https:\/\/kavapanama.com\/web\/wp-content\/uploads\/2024\/02\/Kava-February-22-2023-768x512.jpg 768w, https:\/\/kavapanama.com\/web\/wp-content\/uploads\/2024\/02\/Kava-February-22-2023.jpg 1125w\" sizes=\"(max-width: 800px) 100vw, 800px\" \/>\t\t\t\t\t\t\t\t\t\t\t\t\t<\/div>\n\t\t\t\t<\/div>\n\t\t\t\t<div class=\"elementor-element elementor-element-f0070a0 elementor-widget elementor-widget-heading\" data-id=\"f0070a0\" data-element_type=\"widget\" data-widget_type=\"heading.default\">\n\t\t\t\t<div class=\"elementor-widget-container\">\n\t\t\t<h2 class=\"elementor-heading-title elementor-size-default\">*Cantidades sujetas a cambios de acuerdo al tipo de evento y disposici\u00f3n, previo acuerdo con el cliente, ejemplo: quitar mesas, colocar mesas c\u00f3cteleras, buffet, bandas m\u00fasicales etc.*<\/h2>\t\t<\/div>\n\t\t\t\t<\/div>\n\t\t\t\t<\/div>\n\t\t<div class=\"elementor-element elementor-element-8066eed e-con-full e-flex e-con e-child\" data-id=\"8066eed\" data-element_type=\"container\">\n\t\t\t\t<div class=\"elementor-element elementor-element-6ec4a7c elementor-widget elementor-widget-heading\" data-id=\"6ec4a7c\" data-element_type=\"widget\" data-widget_type=\"heading.default\">\n\t\t\t\t<div class=\"elementor-widget-container\">\n\t\t\t<h2 class=\"elementor-heading-title elementor-size-default\">Sal\u00f3n Principal<\/h2>\t\t<\/div>\n\t\t\t\t<\/div>\n\t\t\t\t<div class=\"elementor-element elementor-element-ae80788 elementor-widget-divider--view-line elementor-widget elementor-widget-divider\" data-id=\"ae80788\" data-element_type=\"widget\" data-widget_type=\"divider.default\">\n\t\t\t\t<div class=\"elementor-widget-container\">\n\t\t\t\t\t<div class=\"elementor-divider\">\n\t\t\t<span class=\"elementor-divider-separator\">\n\t\t\t\t\t\t<\/span>\n\t\t<\/div>\n\t\t\t\t<\/div>\n\t\t\t\t<\/div>\n\t\t\t\t<div class=\"elementor-element elementor-element-1f2e3c8 elementor-widget elementor-widget-text-editor\" data-id=\"1f2e3c8\" data-element_type=\"widget\" data-widget_type=\"text-editor.default\">\n\t\t\t\t<div class=\"elementor-widget-container\">\n\t\t\t\t\t\t\t<p>Capacidad m\u00e1xima:\u00a010 mesas | 46 Pax Sentados<br \/>Largo: 12m\u00b2 | Alto: 10m\u00b2 | Ancho: 12m\u00b2<\/p>\t\t\t\t\t\t<\/div>\n\t\t\t\t<\/div>\n\t\t\t\t<div class=\"elementor-element elementor-element-2e2a3e8 elementor-align-center elementor-widget elementor-widget-button\" data-id=\"2e2a3e8\" data-element_type=\"widget\" data-widget_type=\"button.default\">\n\t\t\t\t<div class=\"elementor-widget-container\">\n\t\t\t\t\t<div class=\"elementor-button-wrapper\">\n\t\t\t<a class=\"elementor-button elementor-button-link elementor-size-sm\" href=\"https:\/\/kavapanama.com\/web\/eventos#reseven\">\n\t\t\t\t\t\t<span class=\"elementor-button-content-wrapper\">\n\t\t\t\t\t\t\t\t\t<span class=\"elementor-button-text\">Cotiza con nosotros<\/span>\n\t\t\t\t\t<\/span>\n\t\t\t\t\t<\/a>\n\t\t<\/div>\n\t\t\t\t<\/div>\n\t\t\t\t<\/div>\n\t\t\t\t<\/div>\n\t\t\t\t<\/div>\n\t\t<div class=\"elementor-element elementor-element-0dca13a e-con-full e-flex e-con e-parent\" data-id=\"0dca13a\" data-element_type=\"container\" id=\"boul\" data-settings=\"{&quot;background_background&quot;:&quot;classic&quot;}\">\n\t\t<div class=\"elementor-element elementor-element-698a0bb e-con-full e-flex e-con e-child\" data-id=\"698a0bb\" data-element_type=\"container\">\n\t\t\t\t<div class=\"elementor-element elementor-element-0529f65 elementor-widget elementor-widget-heading\" data-id=\"0529f65\" data-element_type=\"widget\" data-widget_type=\"heading.default\">\n\t\t\t\t<div class=\"elementor-widget-container\">\n\t\t\t<h2 class=\"elementor-heading-title elementor-size-default\">Terraza<\/h2>\t\t<\/div>\n\t\t\t\t<\/div>\n\t\t\t\t<div class=\"elementor-element elementor-element-b88707a elementor-widget-divider--view-line elementor-widget elementor-widget-divider\" data-id=\"b88707a\" data-element_type=\"widget\" data-widget_type=\"divider.default\">\n\t\t\t\t<div class=\"elementor-widget-container\">\n\t\t\t\t\t<div class=\"elementor-divider\">\n\t\t\t<span class=\"elementor-divider-separator\">\n\t\t\t\t\t\t<\/span>\n\t\t<\/div>\n\t\t\t\t<\/div>\n\t\t\t\t<\/div>\n\t\t\t\t<div class=\"elementor-element elementor-element-ce2142f elementor-widget elementor-widget-text-editor\" data-id=\"ce2142f\" data-element_type=\"widget\" data-widget_type=\"text-editor.default\">\n\t\t\t\t<div class=\"elementor-widget-container\">\n\t\t\t\t\t\t\t<p>Capacidad m\u00e1xima: 8 mesas | 34 Pax Sentados<br \/>Largo: 12m\u00b2 | Alto: 10m\u00b2 | Ancho: 12m\u00b2<\/p>\t\t\t\t\t\t<\/div>\n\t\t\t\t<\/div>\n\t\t\t\t<div class=\"elementor-element elementor-element-4584136 elementor-align-center elementor-widget elementor-widget-button\" data-id=\"4584136\" data-element_type=\"widget\" data-widget_type=\"button.default\">\n\t\t\t\t<div class=\"elementor-widget-container\">\n\t\t\t\t\t<div class=\"elementor-button-wrapper\">\n\t\t\t<a class=\"elementor-button elementor-button-link elementor-size-sm\" href=\"https:\/\/kavapanama.com\/web\/eventos#reseven\">\n\t\t\t\t\t\t<span class=\"elementor-button-content-wrapper\">\n\t\t\t\t\t\t\t\t\t<span class=\"elementor-button-text\">Cotiza con nosotros<\/span>\n\t\t\t\t\t<\/span>\n\t\t\t\t\t<\/a>\n\t\t<\/div>\n\t\t\t\t<\/div>\n\t\t\t\t<\/div>\n\t\t\t\t<\/div>\n\t\t<div class=\"elementor-element elementor-element-2ac0456 e-con-full e-flex e-con e-child\" data-id=\"2ac0456\" data-element_type=\"container\">\n\t\t\t\t<div class=\"elementor-element elementor-element-f39ee6f elementor-widget elementor-widget-image\" data-id=\"f39ee6f\" data-element_type=\"widget\" data-widget_type=\"image.default\">\n\t\t\t\t<div class=\"elementor-widget-container\">\n\t\t\t\t\t\t\t\t\t\t\t\t\t<img decoding=\"async\" width=\"800\" height=\"509\" src=\"https:\/\/kavapanama.com\/web\/wp-content\/uploads\/2024\/02\/TERRAZA-1024x651.png\" class=\"attachment-large size-large wp-image-1515\" alt=\"\" srcset=\"https:\/\/kavapanama.com\/web\/wp-content\/uploads\/2024\/02\/TERRAZA-1024x651.png 1024w, https:\/\/kavapanama.com\/web\/wp-content\/uploads\/2024\/02\/TERRAZA-300x191.png 300w, https:\/\/kavapanama.com\/web\/wp-content\/uploads\/2024\/02\/TERRAZA-768x488.png 768w, https:\/\/kavapanama.com\/web\/wp-content\/uploads\/2024\/02\/TERRAZA.png 1271w\" sizes=\"(max-width: 800px) 100vw, 800px\" \/>\t\t\t\t\t\t\t\t\t\t\t\t\t<\/div>\n\t\t\t\t<\/div>\n\t\t\t\t<div class=\"elementor-element elementor-element-4604c53 elementor-widget elementor-widget-heading\" data-id=\"4604c53\" data-element_type=\"widget\" data-widget_type=\"heading.default\">\n\t\t\t\t<div class=\"elementor-widget-container\">\n\t\t\t<h2 class=\"elementor-heading-title elementor-size-default\">*Cantidades sujetas a cambios de acuerdo al tipo de evento y disposici\u00f3n, previo acuerdo con el cliente, ejemplo: quitar mesas, colocar mesas c\u00f3cteleras, buffet, bandas m\u00fasicales etc.*<\/h2>\t\t<\/div>\n\t\t\t\t<\/div>\n\t\t\t\t<\/div>\n\t\t\t\t<\/div>\n\t\t<div class=\"elementor-element elementor-element-1157957 e-con-full e-flex e-con e-parent\" data-id=\"1157957\" data-element_type=\"container\" id=\"salpri\" data-settings=\"{&quot;background_background&quot;:&quot;classic&quot;}\">\n\t\t<div class=\"elementor-element elementor-element-8e9e93b e-con-full e-flex e-con e-child\" data-id=\"8e9e93b\" data-element_type=\"container\">\n\t\t\t\t<div class=\"elementor-element elementor-element-ba01524 elementor-widget elementor-widget-image\" data-id=\"ba01524\" data-element_type=\"widget\" data-widget_type=\"image.default\">\n\t\t\t\t<div class=\"elementor-widget-container\">\n\t\t\t\t\t\t\t\t\t\t\t\t\t<img decoding=\"async\" width=\"800\" height=\"506\" src=\"https:\/\/kavapanama.com\/web\/wp-content\/uploads\/2024\/02\/TERRAZA-BOULEVARD-1024x648.png\" class=\"attachment-large size-large wp-image-1513\" alt=\"\" srcset=\"https:\/\/kavapanama.com\/web\/wp-content\/uploads\/2024\/02\/TERRAZA-BOULEVARD-1024x648.png 1024w, https:\/\/kavapanama.com\/web\/wp-content\/uploads\/2024\/02\/TERRAZA-BOULEVARD-300x190.png 300w, https:\/\/kavapanama.com\/web\/wp-content\/uploads\/2024\/02\/TERRAZA-BOULEVARD-768x486.png 768w, https:\/\/kavapanama.com\/web\/wp-content\/uploads\/2024\/02\/TERRAZA-BOULEVARD.png 1267w\" sizes=\"(max-width: 800px) 100vw, 800px\" \/>\t\t\t\t\t\t\t\t\t\t\t\t\t<\/div>\n\t\t\t\t<\/div>\n\t\t\t\t<div class=\"elementor-element elementor-element-9abd7d5 elementor-widget elementor-widget-heading\" data-id=\"9abd7d5\" data-element_type=\"widget\" data-widget_type=\"heading.default\">\n\t\t\t\t<div class=\"elementor-widget-container\">\n\t\t\t<h2 class=\"elementor-heading-title elementor-size-default\">*Cantidades sujetas a cambios de acuerdo al tipo de evento y disposici\u00f3n, previo acuerdo con el cliente, ejemplo: quitar mesas, colocar mesas c\u00f3cteleras, buffet, bandas m\u00fasicales etc.*<\/h2>\t\t<\/div>\n\t\t\t\t<\/div>\n\t\t\t\t<\/div>\n\t\t<div class=\"elementor-element elementor-element-6a07369 e-con-full e-flex e-con e-child\" data-id=\"6a07369\" data-element_type=\"container\">\n\t\t\t\t<div class=\"elementor-element elementor-element-11f5d9c elementor-widget elementor-widget-heading\" data-id=\"11f5d9c\" data-element_type=\"widget\" data-widget_type=\"heading.default\">\n\t\t\t\t<div class=\"elementor-widget-container\">\n\t\t\t<h2 class=\"elementor-heading-title elementor-size-default\">Terraza Boulevard<\/h2>\t\t<\/div>\n\t\t\t\t<\/div>\n\t\t\t\t<div class=\"elementor-element elementor-element-360ae09 elementor-widget-divider--view-line elementor-widget elementor-widget-divider\" data-id=\"360ae09\" data-element_type=\"widget\" data-widget_type=\"divider.default\">\n\t\t\t\t<div class=\"elementor-widget-container\">\n\t\t\t\t\t<div class=\"elementor-divider\">\n\t\t\t<span class=\"elementor-divider-separator\">\n\t\t\t\t\t\t<\/span>\n\t\t<\/div>\n\t\t\t\t<\/div>\n\t\t\t\t<\/div>\n\t\t\t\t<div class=\"elementor-element elementor-element-9a35b88 elementor-widget elementor-widget-text-editor\" data-id=\"9a35b88\" data-element_type=\"widget\" data-widget_type=\"text-editor.default\">\n\t\t\t\t<div class=\"elementor-widget-container\">\n\t\t\t\t\t\t\t<p>Capacidad m\u00e1xima: 8 mesas | 50 Pax Sentados<br \/>Largo: 12m\u00b2 | Alto: 10m\u00b2 | Ancho: 12m\u00b2<\/p>\t\t\t\t\t\t<\/div>\n\t\t\t\t<\/div>\n\t\t\t\t<div class=\"elementor-element elementor-element-78d7148 elementor-align-center elementor-widget elementor-widget-button\" data-id=\"78d7148\" data-element_type=\"widget\" data-widget_type=\"button.default\">\n\t\t\t\t<div class=\"elementor-widget-container\">\n\t\t\t\t\t<div class=\"elementor-button-wrapper\">\n\t\t\t<a class=\"elementor-button elementor-button-link elementor-size-sm\" href=\"https:\/\/kavapanama.com\/web\/eventos#reseven\">\n\t\t\t\t\t\t<span class=\"elementor-button-content-wrapper\">\n\t\t\t\t\t\t\t\t\t<span class=\"elementor-button-text\">Cotiza con nosotros<\/span>\n\t\t\t\t\t<\/span>\n\t\t\t\t\t<\/a>\n\t\t<\/div>\n\t\t\t\t<\/div>\n\t\t\t\t<\/div>\n\t\t\t\t<\/div>\n\t\t\t\t<\/div>\n\t\t<div class=\"elementor-element elementor-element-dfaefaa e-con-full e-flex e-con e-parent\" data-id=\"dfaefaa\" data-element_type=\"container\" id=\"salvip\" data-settings=\"{&quot;background_background&quot;:&quot;classic&quot;}\">\n\t\t<div class=\"elementor-element elementor-element-337f6a3 e-con-full e-flex e-con e-child\" data-id=\"337f6a3\" data-element_type=\"container\">\n\t\t\t\t<div class=\"elementor-element elementor-element-d80cda6 elementor-widget elementor-widget-heading\" data-id=\"d80cda6\" data-element_type=\"widget\" data-widget_type=\"heading.default\">\n\t\t\t\t<div class=\"elementor-widget-container\">\n\t\t\t<h2 class=\"elementor-heading-title elementor-size-default\">Terraza Brusca<\/h2>\t\t<\/div>\n\t\t\t\t<\/div>\n\t\t\t\t<div class=\"elementor-element elementor-element-3581afb elementor-widget-divider--view-line elementor-widget elementor-widget-divider\" data-id=\"3581afb\" data-element_type=\"widget\" data-widget_type=\"divider.default\">\n\t\t\t\t<div class=\"elementor-widget-container\">\n\t\t\t\t\t<div class=\"elementor-divider\">\n\t\t\t<span class=\"elementor-divider-separator\">\n\t\t\t\t\t\t<\/span>\n\t\t<\/div>\n\t\t\t\t<\/div>\n\t\t\t\t<\/div>\n\t\t\t\t<div class=\"elementor-element elementor-element-608ca6a elementor-widget elementor-widget-text-editor\" data-id=\"608ca6a\" data-element_type=\"widget\" data-widget_type=\"text-editor.default\">\n\t\t\t\t<div class=\"elementor-widget-container\">\n\t\t\t\t\t\t\t<p>Capacidad m\u00e1xima: 11 mesas | 28 Pax Sentados<br \/>Largo: 12m\u00b2 | Alto: 10m\u00b2 | Ancho: 12m\u00b2<\/p>\t\t\t\t\t\t<\/div>\n\t\t\t\t<\/div>\n\t\t\t\t<div class=\"elementor-element elementor-element-e3ee96b elementor-align-center elementor-widget elementor-widget-button\" data-id=\"e3ee96b\" data-element_type=\"widget\" data-widget_type=\"button.default\">\n\t\t\t\t<div class=\"elementor-widget-container\">\n\t\t\t\t\t<div class=\"elementor-button-wrapper\">\n\t\t\t<a class=\"elementor-button elementor-button-link elementor-size-sm\" href=\"https:\/\/kavapanama.com\/web\/eventos#reseven\">\n\t\t\t\t\t\t<span class=\"elementor-button-content-wrapper\">\n\t\t\t\t\t\t\t\t\t<span class=\"elementor-button-text\">Cotiza con nosotros<\/span>\n\t\t\t\t\t<\/span>\n\t\t\t\t\t<\/a>\n\t\t<\/div>\n\t\t\t\t<\/div>\n\t\t\t\t<\/div>\n\t\t\t\t<\/div>\n\t\t<div class=\"elementor-element elementor-element-5d3f9c2 e-con-full e-flex e-con e-child\" data-id=\"5d3f9c2\" data-element_type=\"container\">\n\t\t\t\t<div class=\"elementor-element elementor-element-225add3 elementor-widget elementor-widget-image\" data-id=\"225add3\" data-element_type=\"widget\" data-widget_type=\"image.default\">\n\t\t\t\t<div class=\"elementor-widget-container\">\n\t\t\t\t\t\t\t\t\t\t\t\t\t<img loading=\"lazy\" decoding=\"async\" width=\"800\" height=\"509\" src=\"https:\/\/kavapanama.com\/web\/wp-content\/uploads\/2024\/02\/TERRAZA-BRUSCA-1024x652.png\" class=\"attachment-large size-large wp-image-1514\" alt=\"\" srcset=\"https:\/\/kavapanama.com\/web\/wp-content\/uploads\/2024\/02\/TERRAZA-BRUSCA-1024x652.png 1024w, https:\/\/kavapanama.com\/web\/wp-content\/uploads\/2024\/02\/TERRAZA-BRUSCA-300x191.png 300w, https:\/\/kavapanama.com\/web\/wp-content\/uploads\/2024\/02\/TERRAZA-BRUSCA-768x489.png 768w, https:\/\/kavapanama.com\/web\/wp-content\/uploads\/2024\/02\/TERRAZA-BRUSCA.png 1265w\" sizes=\"(max-width: 800px) 100vw, 800px\" \/>\t\t\t\t\t\t\t\t\t\t\t\t\t<\/div>\n\t\t\t\t<\/div>\n\t\t\t\t<div class=\"elementor-element elementor-element-614df03 elementor-widget elementor-widget-heading\" data-id=\"614df03\" data-element_type=\"widget\" data-widget_type=\"heading.default\">\n\t\t\t\t<div class=\"elementor-widget-container\">\n\t\t\t<h2 class=\"elementor-heading-title elementor-size-default\">*Cantidades sujetas a cambios de acuerdo al tipo de evento y disposici\u00f3n, previo acuerdo con el cliente, ejemplo: quitar mesas, colocar mesas c\u00f3cteleras, buffet, bandas m\u00fasicales etc.*<\/h2>\t\t<\/div>\n\t\t\t\t<\/div>\n\t\t\t\t<\/div>\n\t\t\t\t<\/div>\n\t\t\t\t<\/div>\n\t\t","protected":false},"excerpt":{"rendered":"<p>Espacios *Cantidades sujetas a cambios de acuerdo al tipo de evento y disposici\u00f3n, previo acuerdo con el cliente, ejemplo: quitar mesas, colocar mesas c\u00f3cteleras, buffet, bandas m\u00fasicales etc.* Sal\u00f3n Principal Capacidad m\u00e1xima:\u00a010 mesas | 46 Pax SentadosLargo: 12m\u00b2 | Alto: 10m\u00b2 | Ancho: 12m\u00b2 Cotiza con nosotros Terraza Capacidad m\u00e1xima: 8 mesas | 34 Pax [&hellip;]<\/p>\n","protected":false},"author":1,"featured_media":0,"parent":0,"menu_order":0,"comment_status":"closed","ping_status":"closed","template":"","meta":{"_joinchat":[],"footnotes":""},"class_list":["post-773","page","type-page","status-publish","hentry"],"_links":{"self":[{"href":"https:\/\/kavapanama.com\/web\/wp-json\/wp\/v2\/pages\/773","targetHints":{"allow":["GET"]}}],"collection":[{"href":"https:\/\/kavapanama.com\/web\/wp-json\/wp\/v2\/pages"}],"about":[{"href":"https:\/\/kavapanama.com\/web\/wp-json\/wp\/v2\/types\/page"}],"author":[{"embeddable":true,"href":"https:\/\/kavapanama.com\/web\/wp-json\/wp\/v2\/users\/1"}],"replies":[{"embeddable":true,"href":"https:\/\/kavapanama.com\/web\/wp-json\/wp\/v2\/comments?post=773"}],"version-history":[{"count":133,"href":"https:\/\/kavapanama.com\/web\/wp-json\/wp\/v2\/pages\/773\/revisions"}],"predecessor-version":[{"id":2258,"href":"https:\/\/kavapanama.com\/web\/wp-json\/wp\/v2\/pages\/773\/revisions\/2258"}],"wp:attachment":[{"href":"https:\/\/kavapanama.com\/web\/wp-json\/wp\/v2\/media?parent=773"}],"curies":[{"name":"wp","href":"https:\/\/api.w.org\/{rel}","templated":true}]}}